{"id":172,"date":"2020-06-06T18:13:38","date_gmt":"2020-06-06T18:13:38","guid":{"rendered":"https:\/\/escuelamilitar.mil.sv\/?page_id=172"},"modified":"2024-12-02T09:23:38","modified_gmt":"2024-12-02T15:23:38","slug":"politica-web","status":"publish","type":"page","link":"https:\/\/escuelamilitar.mil.sv\/?page_id=172","title":{"rendered":"Pol\u00edtica Web"},"content":{"rendered":"\n<p>La pol\u00edtica de seguridad y privacidad de los datos del presente sitio web describe el modo en que la Escuela Militar Capit\u00e1n General Gerardo Barrios podr\u00e1 utilizar la informaci\u00f3n que pueda recopilar sobre el usuario a trav\u00e9s del sitio web.<\/p>\n\n\n\n<h2 class=\"wp-block-heading\">Protecci\u00f3n de datos<\/h2>\n\n\n\n<p>La instituci\u00f3n maneja la informaci\u00f3n del usuario con los niveles m\u00e1ximos de protecci\u00f3n posibles en un sistema automatizado de tratamiento de datos. La informaci\u00f3n del usuario se incorpora a bases de datos y archivos propiedad de la instituci\u00f3n, y solo son accedidos por los administradores inform\u00e1ticos, con el fin de asegurar el funcionamiento de los sistemas computacionales.<\/p>\n\n\n\n<p>La informaci\u00f3n del usuario se almacena en los servidores de la instituci\u00f3n y se conserva en el entorno m\u00e1s seguro posible, con todo tipo de medidas de seguridad f\u00edsicas y tecnol\u00f3gicas, y se trata con la m\u00e1s absoluta confidencialidad.<\/p>\n\n\n\n<h2 class=\"wp-block-heading\">Seguridad de la Informaci\u00f3n<\/h2>\n\n\n\n<p>La instituci\u00f3n ha empleado todos los sistemas y medidas t\u00e9cnicas a su alcance, para evitar la p\u00e9rdida, mal uso, alteraci\u00f3n, acceso no autorizado y sustracci\u00f3n de los datos facilitados por el usuario.<\/p>\n\n\n\n<p>No obstante, el usuario debe ser consciente de que las medidas de seguridad en internet no son inexpugnables.<\/p>\n","protected":false},"excerpt":{"rendered":"<div class=\"parrafos-blancos-letranegra\"><p>La pol\u00edtica de seguridad y privacidad de los datos del presente sitio web describe el modo en que la Escuela Militar Capit\u00e1n General Gerardo Barrios podr\u00e1 utilizar la informaci\u00f3n que [&hellip;]<\/p>\n<\/div>","protected":false},"author":2,"featured_media":1956,"parent":0,"menu_order":0,"comment_status":"closed","ping_status":"closed","template":"","meta":{"footnotes":""},"class_list":["post-172","page","type-page","status-publish","has-post-thumbnail","hentry"],"yoast_head":"<!-- This site is optimized with the Yoast SEO plugin v23.6 - https:\/\/yoast.com\/wordpress\/plugins\/seo\/ -->\n<title>Pol\u00edtica Web - Escuela Militar Capit\u00e1n General Gerardo Barrios<\/title>\n<meta name=\"robots\" content=\"index, follow, max-snippet:-1, max-image-preview:large, max-video-preview:-1\" \/>\n<link rel=\"canonical\" href=\"https:\/\/escuelamilitar.mil.sv\/?page_id=172\" \/>\n<meta property=\"og:locale\" content=\"es_ES\" \/>\n<meta property=\"og:type\" content=\"article\" \/>\n<meta property=\"og:title\" content=\"Pol\u00edtica Web - Escuela Militar Capit\u00e1n General Gerardo Barrios\" \/>\n<meta property=\"og:description\" content=\"La pol\u00edtica de seguridad y privacidad de los datos del presente sitio web describe el modo en que la Escuela Militar Capit\u00e1n General Gerardo Barrios podr\u00e1 utilizar la informaci\u00f3n que [&hellip;]\" \/>\n<meta property=\"og:url\" content=\"https:\/\/escuelamilitar.mil.sv\/?page_id=172\" \/>\n<meta property=\"og:site_name\" content=\"Escuela Militar Capit\u00e1n General Gerardo Barrios\" \/>\n<meta property=\"article:modified_time\" content=\"2024-12-02T15:23:38+00:00\" \/>\n<meta property=\"og:image\" content=\"https:\/\/escuelamilitar.mil.sv\/wp-content\/uploads\/2020\/06\/injuve-encabezado.jpg\" \/>\n\t<meta property=\"og:image:width\" content=\"1920\" \/>\n\t<meta property=\"og:image:height\" content=\"420\" \/>\n\t<meta property=\"og:image:type\" content=\"image\/jpeg\" \/>\n<meta name=\"twitter:card\" content=\"summary_large_image\" \/>\n<meta name=\"twitter:label1\" content=\"Tiempo de lectura\" \/>\n\t<meta name=\"twitter:data1\" content=\"1 minuto\" \/>\n<script type=\"application\/ld+json\" class=\"yoast-schema-graph\">{\"@context\":\"https:\/\/schema.org\",\"@graph\":[{\"@type\":\"WebPage\",\"@id\":\"https:\/\/escuelamilitar.mil.sv\/?page_id=172\",\"url\":\"https:\/\/escuelamilitar.mil.sv\/?page_id=172\",\"name\":\"Pol\u00edtica Web - Escuela Militar Capit\u00e1n General Gerardo Barrios\",\"isPartOf\":{\"@id\":\"https:\/\/escuelamilitar.mil.sv\/#website\"},\"primaryImageOfPage\":{\"@id\":\"https:\/\/escuelamilitar.mil.sv\/?page_id=172#primaryimage\"},\"image\":{\"@id\":\"https:\/\/escuelamilitar.mil.sv\/?page_id=172#primaryimage\"},\"thumbnailUrl\":\"https:\/\/escuelamilitar.mil.sv\/wp-content\/uploads\/2024\/05\/EMCGGB-11.jpg\",\"datePublished\":\"2020-06-06T18:13:38+00:00\",\"dateModified\":\"2024-12-02T15:23:38+00:00\",\"breadcrumb\":{\"@id\":\"https:\/\/escuelamilitar.mil.sv\/?page_id=172#breadcrumb\"},\"inLanguage\":\"es\",\"potentialAction\":[{\"@type\":\"ReadAction\",\"target\":[\"https:\/\/escuelamilitar.mil.sv\/?page_id=172\"]}]},{\"@type\":\"ImageObject\",\"inLanguage\":\"es\",\"@id\":\"https:\/\/escuelamilitar.mil.sv\/?page_id=172#primaryimage\",\"url\":\"https:\/\/escuelamilitar.mil.sv\/wp-content\/uploads\/2024\/05\/EMCGGB-11.jpg\",\"contentUrl\":\"https:\/\/escuelamilitar.mil.sv\/wp-content\/uploads\/2024\/05\/EMCGGB-11.jpg\",\"width\":1920,\"height\":860},{\"@type\":\"BreadcrumbList\",\"@id\":\"https:\/\/escuelamilitar.mil.sv\/?page_id=172#breadcrumb\",\"itemListElement\":[{\"@type\":\"ListItem\",\"position\":1,\"name\":\"Inicio\",\"item\":\"https:\/\/escuelamilitar.mil.sv\/\"},{\"@type\":\"ListItem\",\"position\":2,\"name\":\"Pol\u00edtica Web\"}]},{\"@type\":\"WebSite\",\"@id\":\"https:\/\/escuelamilitar.mil.sv\/#website\",\"url\":\"https:\/\/escuelamilitar.mil.sv\/\",\"name\":\"Escuela Militar Capit\u00e1n General Gerardo Barrios\",\"description\":\"Escuela Militar\",\"potentialAction\":[{\"@type\":\"SearchAction\",\"target\":{\"@type\":\"EntryPoint\",\"urlTemplate\":\"https:\/\/escuelamilitar.mil.sv\/?s={search_term_string}\"},\"query-input\":{\"@type\":\"PropertyValueSpecification\",\"valueRequired\":true,\"valueName\":\"search_term_string\"}}],\"inLanguage\":\"es\"}]}<\/script>\n<!-- \/ Yoast SEO plugin. -->","yoast_head_json":{"title":"Pol\u00edtica Web - Escuela Militar Capit\u00e1n General Gerardo Barrios","robots":{"index":"index","follow":"follow","max-snippet":"max-snippet:-1","max-image-preview":"max-image-preview:large","max-video-preview":"max-video-preview:-1"},"canonical":"https:\/\/escuelamilitar.mil.sv\/?page_id=172","og_locale":"es_ES","og_type":"article","og_title":"Pol\u00edtica Web - Escuela Militar Capit\u00e1n General Gerardo Barrios","og_description":"La pol\u00edtica de seguridad y privacidad de los datos del presente sitio web describe el modo en que la Escuela Militar Capit\u00e1n General Gerardo Barrios podr\u00e1 utilizar la informaci\u00f3n que [&hellip;]","og_url":"https:\/\/escuelamilitar.mil.sv\/?page_id=172","og_site_name":"Escuela Militar Capit\u00e1n General Gerardo Barrios","article_modified_time":"2024-12-02T15:23:38+00:00","og_image":[{"width":1920,"height":420,"url":"https:\/\/escuelamilitar.mil.sv\/wp-content\/uploads\/2020\/06\/injuve-encabezado.jpg","type":"image\/jpeg"}],"twitter_card":"summary_large_image","twitter_misc":{"Tiempo de lectura":"1 minuto"},"schema":{"@context":"https:\/\/schema.org","@graph":[{"@type":"WebPage","@id":"https:\/\/escuelamilitar.mil.sv\/?page_id=172","url":"https:\/\/escuelamilitar.mil.sv\/?page_id=172","name":"Pol\u00edtica Web - Escuela Militar Capit\u00e1n General Gerardo Barrios","isPartOf":{"@id":"https:\/\/escuelamilitar.mil.sv\/#website"},"primaryImageOfPage":{"@id":"https:\/\/escuelamilitar.mil.sv\/?page_id=172#primaryimage"},"image":{"@id":"https:\/\/escuelamilitar.mil.sv\/?page_id=172#primaryimage"},"thumbnailUrl":"https:\/\/escuelamilitar.mil.sv\/wp-content\/uploads\/2024\/05\/EMCGGB-11.jpg","datePublished":"2020-06-06T18:13:38+00:00","dateModified":"2024-12-02T15:23:38+00:00","breadcrumb":{"@id":"https:\/\/escuelamilitar.mil.sv\/?page_id=172#breadcrumb"},"inLanguage":"es","potentialAction":[{"@type":"ReadAction","target":["https:\/\/escuelamilitar.mil.sv\/?page_id=172"]}]},{"@type":"ImageObject","inLanguage":"es","@id":"https:\/\/escuelamilitar.mil.sv\/?page_id=172#primaryimage","url":"https:\/\/escuelamilitar.mil.sv\/wp-content\/uploads\/2024\/05\/EMCGGB-11.jpg","contentUrl":"https:\/\/escuelamilitar.mil.sv\/wp-content\/uploads\/2024\/05\/EMCGGB-11.jpg","width":1920,"height":860},{"@type":"BreadcrumbList","@id":"https:\/\/escuelamilitar.mil.sv\/?page_id=172#breadcrumb","itemListElement":[{"@type":"ListItem","position":1,"name":"Inicio","item":"https:\/\/escuelamilitar.mil.sv\/"},{"@type":"ListItem","position":2,"name":"Pol\u00edtica Web"}]},{"@type":"WebSite","@id":"https:\/\/escuelamilitar.mil.sv\/#website","url":"https:\/\/escuelamilitar.mil.sv\/","name":"Escuela Militar Capit\u00e1n General Gerardo Barrios","description":"Escuela Militar","potentialAction":[{"@type":"SearchAction","target":{"@type":"EntryPoint","urlTemplate":"https:\/\/escuelamilitar.mil.sv\/?s={search_term_string}"},"query-input":{"@type":"PropertyValueSpecification","valueRequired":true,"valueName":"search_term_string"}}],"inLanguage":"es"}]}},"_links":{"self":[{"href":"https:\/\/escuelamilitar.mil.sv\/index.php?rest_route=\/wp\/v2\/pages\/172"}],"collection":[{"href":"https:\/\/escuelamilitar.mil.sv\/index.php?rest_route=\/wp\/v2\/pages"}],"about":[{"href":"https:\/\/escuelamilitar.mil.sv\/index.php?rest_route=\/wp\/v2\/types\/page"}],"author":[{"embeddable":true,"href":"https:\/\/escuelamilitar.mil.sv\/index.php?rest_route=\/wp\/v2\/users\/2"}],"replies":[{"embeddable":true,"href":"https:\/\/escuelamilitar.mil.sv\/index.php?rest_route=%2Fwp%2Fv2%2Fcomments&post=172"}],"version-history":[{"count":3,"href":"https:\/\/escuelamilitar.mil.sv\/index.php?rest_route=\/wp\/v2\/pages\/172\/revisions"}],"predecessor-version":[{"id":2011,"href":"https:\/\/escuelamilitar.mil.sv\/index.php?rest_route=\/wp\/v2\/pages\/172\/revisions\/2011"}],"wp:featuredmedia":[{"embeddable":true,"href":"https:\/\/escuelamilitar.mil.sv\/index.php?rest_route=\/wp\/v2\/media\/1956"}],"wp:attachment":[{"href":"https:\/\/escuelamilitar.mil.sv\/index.php?rest_route=%2Fwp%2Fv2%2Fmedia&parent=172"}],"curies":[{"name":"wp","href":"https:\/\/api.w.org\/{rel}","templated":true}]}}

Política Web

<p>La política de seguridad y privacidad de los datos del presente sitio web describe el modo en que la Escuela Militar Capitán General Gerardo Barrios podrá utilizar la información que pueda recopilar sobre el usuario a través del sitio web.</p>



<h2 class="wp-block-heading">Protección de datos</h2>



<p>La institución maneja la información del usuario con los niveles máximos de protección posibles en un sistema automatizado de tratamiento de datos. La información del usuario se incorpora a bases de datos y archivos propiedad de la institución, y solo son accedidos por los administradores informáticos, con el fin de asegurar el funcionamiento de los sistemas computacionales.</p>



<p>La información del usuario se almacena en los servidores de la institución y se conserva en el entorno más seguro posible, con todo tipo de medidas de seguridad físicas y tecnológicas, y se trata con la más absoluta confidencialidad.</p>



<h2 class="wp-block-heading">Seguridad de la Información</h2>



<p>La institución ha empleado todos los sistemas y medidas técnicas a su alcance, para evitar la pérdida, mal uso, alteración, acceso no autorizado y sustracción de los datos facilitados por el usuario.</p>



<p>No obstante, el usuario debe ser consciente de que las medidas de seguridad en internet no son inexpugnables.</p>

<div class="parrafos-blancos-letranegra"><p>La política de seguridad y privacidad de los datos del presente sitio web describe el modo en que la Escuela Militar Capitán General Gerardo Barrios podrá utilizar la información que [&hellip;]</p>
</div>

<!-- This site is optimized with the Yoast SEO plugin v23.6 - https://yoast.com/wordpress/plugins/seo/ -->
<title>Política Web - Escuela Militar Capitán General Gerardo Barrios</title>
<meta name="robots" content="index, follow, max-snippet:-1, max-image-preview:large, max-video-preview:-1" />
<link rel="canonical" href="https://escuelamilitar.mil.sv/?page_id=172" />
<meta property="og:locale" content="es_ES" />
<meta property="og:type" content="article" />
<meta property="og:title" content="Política Web - Escuela Militar Capitán General Gerardo Barrios" />
<meta property="og:description" content="La política de seguridad y privacidad de los datos del presente sitio web describe el modo en que la Escuela Militar Capitán General Gerardo Barrios podrá utilizar la información que [&hellip;]" />
<meta property="og:url" content="https://escuelamilitar.mil.sv/?page_id=172" />
<meta property="og:site_name" content="Escuela Militar Capitán General Gerardo Barrios" />
<meta property="article:modified_time" content="2024-12-02T15:23:38+00:00" />
<meta property="og:image" content="https://escuelamilitar.mil.sv/wp-content/uploads/2020/06/injuve-encabezado.jpg" />
	<meta property="og:image:width" content="1920" />
	<meta property="og:image:height" content="420" />
	<meta property="og:image:type" content="image/jpeg" />
<meta name="twitter:card" content="summary_large_image" />
<meta name="twitter:label1" content="Tiempo de lectura" />
	<meta name="twitter:data1" content="1 minuto" />
<script type="application/ld+json" class="yoast-schema-graph">{"@context":"https://schema.org","@graph":[{"@type":"WebPage","@id":"https://escuelamilitar.mil.sv/?page_id=172","url":"https://escuelamilitar.mil.sv/?page_id=172","name":"Política Web - Escuela Militar Capitán General Gerardo Barrios","isPartOf":{"@id":"https://escuelamilitar.mil.sv/#website"},"primaryImageOfPage":{"@id":"https://escuelamilitar.mil.sv/?page_id=172#primaryimage"},"image":{"@id":"https://escuelamilitar.mil.sv/?page_id=172#primaryimage"},"thumbnailUrl":"https://escuelamilitar.mil.sv/wp-content/uploads/2024/05/EMCGGB-11.jpg","datePublished":"2020-06-06T18:13:38+00:00","dateModified":"2024-12-02T15:23:38+00:00","breadcrumb":{"@id":"https://escuelamilitar.mil.sv/?page_id=172#breadcrumb"},"inLanguage":"es","potentialAction":[{"@type":"ReadAction","target":["https://escuelamilitar.mil.sv/?page_id=172"]}]},{"@type":"ImageObject","inLanguage":"es","@id":"https://escuelamilitar.mil.sv/?page_id=172#primaryimage","url":"https://escuelamilitar.mil.sv/wp-content/uploads/2024/05/EMCGGB-11.jpg","contentUrl":"https://escuelamilitar.mil.sv/wp-content/uploads/2024/05/EMCGGB-11.jpg","width":1920,"height":860},{"@type":"BreadcrumbList","@id":"https://escuelamilitar.mil.sv/?page_id=172#breadcrumb","itemListElement":[{"@type":"ListItem","position":1,"name":"Inicio","item":"https://escuelamilitar.mil.sv/"},{"@type":"ListItem","position":2,"name":"Política Web"}]},{"@type":"WebSite","@id":"https://escuelamilitar.mil.sv/#website","url":"https://escuelamilitar.mil.sv/","name":"Escuela Militar Capitán General Gerardo Barrios","description":"Escuela Militar","potentialAction":[{"@type":"SearchAction","target":{"@type":"EntryPoint","urlTemplate":"https://escuelamilitar.mil.sv/?s={search_term_string}"},"query-input":{"@type":"PropertyValueSpecification","valueRequired":true,"valueName":"search_term_string"}}],"inLanguage":"es"}]}</script>
<!-- / Yoast SEO plugin. -->

Política Web - Escuela Militar Capitán General Gerardo Barrios

La política de seguridad y privacidad de los datos del presente sitio web describe el modo en que la Escuela Militar Capitán General Gerardo Barrios podrá utilizar la información que [&hellip;]

Escuela Militar Capitán General Gerardo Barrios
