{"id":1964,"date":"2024-05-30T17:18:56","date_gmt":"2024-05-30T23:18:56","guid":{"rendered":"https:\/\/escuelamilitar.mil.sv\/?page_id=1964"},"modified":"2024-05-30T17:21:22","modified_gmt":"2024-05-30T23:21:22","slug":"acreditacion","status":"publish","type":"page","link":"https:\/\/escuelamilitar.mil.sv\/?page_id=1964","title":{"rendered":"ACREDITACION"},"content":{"rendered":"\n<h4 class=\"wp-block-heading\">Acreditaci\u00f3n de la Calidad Acad\u00e9mica del Instituto Especializado de Nivel Superior Escuela Militar \u201cCapit\u00e1n General Gerardo Barrios\u201d.<\/h4>\n\n\n\n<p>Comprometidos con la excelencia acad\u00e9mica y con la formaci\u00f3n profesional e integral de los futuros Oficiales de nuestra gloriosa Fuerza Armada de El Salvador, para el cumplimiento de la misi\u00f3n constitucional, es inherente a nuestra condici\u00f3n de Escuela matriz, la b\u00fasqueda permanente y absoluta para establecer e innovar los procesos de formaci\u00f3n y perfeccionamiento de nuestros Oficiales. Basado en esto, se busca inculcar una cultura de \u201cExcelencia Acad\u00e9mica\u201d alcanzando los m\u00e1s altos est\u00e1ndares de educaci\u00f3n en el pa\u00eds.<\/p>\n\n\n\n<p>En este sentido, el&nbsp;<strong>Instituto Especializado de Nivel Superior (IENS) \u201cEscuela Militar Capit\u00e1n General Gerardo Barrios\u201d<\/strong>&nbsp;obtuvo su primera acreditaci\u00f3n por parte de la Comisi\u00f3n de Acreditaci\u00f3n de la Calidad de Educaci\u00f3n Superior (CdA) y de esta forma se convierte en la primera instituci\u00f3n de educaci\u00f3n de la Fuerza Armada en obtener esta certificaci\u00f3n para un per\u00edodo de 5 a\u00f1os.<\/p>\n\n\n\n<p>De acuerdo con la Ley de Educaci\u00f3n Superior, \u201cLa acreditaci\u00f3n es el reconocimiento de la calidad acad\u00e9mica de una instituci\u00f3n de educaci\u00f3n superior y de sus diferentes carreras\u201d, siendo el IENS \u201cEMCGGB\u201d la d\u00e9cimo octava instituci\u00f3n que logra este reconocimiento a nivel nacional. En este contexto el\u00a0<strong>Instituto Especializado de Nivel Superior Escuela Militar \u201cCapit\u00e1n General Gerardo Barrios\u201d<\/strong>\u00a0fue acreditado seg\u00fan resoluci\u00f3n emitida por la Comisi\u00f3n de Acreditaci\u00f3n de la Calidad de la Educaci\u00f3n Superior el 25OCT023 y acuerdo No. 15-1730 de fecha 07 de diciembre del a\u00f1o 2023, recibiendo el Se\u00f1or Ministro de la Defensa Nacional Vicealmirante Ren\u00e9 Francis Merino Monroy dicho reconocimiento el 18DIC023.<\/p>\n\n\n<div class=\"wp-block-image\">\n<figure class=\"aligncenter size-full\"><img loading=\"lazy\" decoding=\"async\" width=\"768\" height=\"571\" src=\"https:\/\/escuelamilitar.mil.sv\/wp-content\/uploads\/2024\/05\/acreditacion-768x571-1.jpg\" alt=\"\" class=\"wp-image-1969\" srcset=\"https:\/\/escuelamilitar.mil.sv\/wp-content\/uploads\/2024\/05\/acreditacion-768x571-1.jpg 768w, https:\/\/escuelamilitar.mil.sv\/wp-content\/uploads\/2024\/05\/acreditacion-768x571-1-300x223.jpg 300w\" sizes=\"(max-width: 768px) 100vw, 768px\" \/><\/figure><\/div>","protected":false},"excerpt":{"rendered":"<div class=\"parrafos-blancos-letranegra\"><p>Acreditaci\u00f3n de la Calidad Acad\u00e9mica del Instituto Especializado de Nivel Superior Escuela Militar \u201cCapit\u00e1n General Gerardo Barrios\u201d. Comprometidos con la excelencia acad\u00e9mica y con la formaci\u00f3n profesional e integral de [&hellip;]<\/p>\n<\/div>","protected":false},"author":2,"featured_media":1955,"parent":0,"menu_order":0,"comment_status":"closed","ping_status":"closed","template":"","meta":{"footnotes":""},"class_list":["post-1964","page","type-page","status-publish","has-post-thumbnail","hentry"],"yoast_head":"<!-- This site is optimized with the Yoast SEO plugin v23.6 - https:\/\/yoast.com\/wordpress\/plugins\/seo\/ -->\n<title>ACREDITACION - Escuela Militar Capit\u00e1n General Gerardo Barrios<\/title>\n<meta name=\"robots\" content=\"index, follow, max-snippet:-1, max-image-preview:large, max-video-preview:-1\" \/>\n<link rel=\"canonical\" href=\"https:\/\/escuelamilitar.mil.sv\/?page_id=1964\" \/>\n<meta property=\"og:locale\" content=\"es_ES\" \/>\n<meta property=\"og:type\" content=\"article\" \/>\n<meta property=\"og:title\" content=\"ACREDITACION - Escuela Militar Capit\u00e1n General Gerardo Barrios\" \/>\n<meta property=\"og:description\" content=\"Acreditaci\u00f3n de la Calidad Acad\u00e9mica del Instituto Especializado de Nivel Superior Escuela Militar \u201cCapit\u00e1n General Gerardo Barrios\u201d. Comprometidos con la excelencia acad\u00e9mica y con la formaci\u00f3n profesional e integral de [&hellip;]\" \/>\n<meta property=\"og:url\" content=\"https:\/\/escuelamilitar.mil.sv\/?page_id=1964\" \/>\n<meta property=\"og:site_name\" content=\"Escuela Militar Capit\u00e1n General Gerardo Barrios\" \/>\n<meta property=\"article:modified_time\" content=\"2024-05-30T23:21:22+00:00\" \/>\n<meta property=\"og:image\" content=\"https:\/\/escuelamilitar.mil.sv\/wp-content\/uploads\/2024\/05\/acreditacion2212.jpeg\" \/>\n\t<meta property=\"og:image:width\" content=\"2160\" \/>\n\t<meta property=\"og:image:height\" content=\"1055\" \/>\n\t<meta property=\"og:image:type\" content=\"image\/jpeg\" \/>\n<meta name=\"twitter:card\" content=\"summary_large_image\" \/>\n<meta name=\"twitter:label1\" content=\"Tiempo de lectura\" \/>\n\t<meta name=\"twitter:data1\" content=\"1 minuto\" \/>\n<script type=\"application\/ld+json\" class=\"yoast-schema-graph\">{\"@context\":\"https:\/\/schema.org\",\"@graph\":[{\"@type\":\"WebPage\",\"@id\":\"https:\/\/escuelamilitar.mil.sv\/?page_id=1964\",\"url\":\"https:\/\/escuelamilitar.mil.sv\/?page_id=1964\",\"name\":\"ACREDITACION - Escuela Militar Capit\u00e1n General Gerardo Barrios\",\"isPartOf\":{\"@id\":\"https:\/\/escuelamilitar.mil.sv\/#website\"},\"primaryImageOfPage\":{\"@id\":\"https:\/\/escuelamilitar.mil.sv\/?page_id=1964#primaryimage\"},\"image\":{\"@id\":\"https:\/\/escuelamilitar.mil.sv\/?page_id=1964#primaryimage\"},\"thumbnailUrl\":\"https:\/\/escuelamilitar.mil.sv\/wp-content\/uploads\/2024\/05\/acreditacion2212.jpeg\",\"datePublished\":\"2024-05-30T23:18:56+00:00\",\"dateModified\":\"2024-05-30T23:21:22+00:00\",\"breadcrumb\":{\"@id\":\"https:\/\/escuelamilitar.mil.sv\/?page_id=1964#breadcrumb\"},\"inLanguage\":\"es\",\"potentialAction\":[{\"@type\":\"ReadAction\",\"target\":[\"https:\/\/escuelamilitar.mil.sv\/?page_id=1964\"]}]},{\"@type\":\"ImageObject\",\"inLanguage\":\"es\",\"@id\":\"https:\/\/escuelamilitar.mil.sv\/?page_id=1964#primaryimage\",\"url\":\"https:\/\/escuelamilitar.mil.sv\/wp-content\/uploads\/2024\/05\/acreditacion2212.jpeg\",\"contentUrl\":\"https:\/\/escuelamilitar.mil.sv\/wp-content\/uploads\/2024\/05\/acreditacion2212.jpeg\",\"width\":2160,\"height\":1055},{\"@type\":\"BreadcrumbList\",\"@id\":\"https:\/\/escuelamilitar.mil.sv\/?page_id=1964#breadcrumb\",\"itemListElement\":[{\"@type\":\"ListItem\",\"position\":1,\"name\":\"Inicio\",\"item\":\"https:\/\/escuelamilitar.mil.sv\/\"},{\"@type\":\"ListItem\",\"position\":2,\"name\":\"ACREDITACION\"}]},{\"@type\":\"WebSite\",\"@id\":\"https:\/\/escuelamilitar.mil.sv\/#website\",\"url\":\"https:\/\/escuelamilitar.mil.sv\/\",\"name\":\"Escuela Militar Capit\u00e1n General Gerardo Barrios\",\"description\":\"Escuela Militar\",\"potentialAction\":[{\"@type\":\"SearchAction\",\"target\":{\"@type\":\"EntryPoint\",\"urlTemplate\":\"https:\/\/escuelamilitar.mil.sv\/?s={search_term_string}\"},\"query-input\":{\"@type\":\"PropertyValueSpecification\",\"valueRequired\":true,\"valueName\":\"search_term_string\"}}],\"inLanguage\":\"es\"}]}<\/script>\n<!-- \/ Yoast SEO plugin. -->","yoast_head_json":{"title":"ACREDITACION - Escuela Militar Capit\u00e1n General Gerardo Barrios","robots":{"index":"index","follow":"follow","max-snippet":"max-snippet:-1","max-image-preview":"max-image-preview:large","max-video-preview":"max-video-preview:-1"},"canonical":"https:\/\/escuelamilitar.mil.sv\/?page_id=1964","og_locale":"es_ES","og_type":"article","og_title":"ACREDITACION - Escuela Militar Capit\u00e1n General Gerardo Barrios","og_description":"Acreditaci\u00f3n de la Calidad Acad\u00e9mica del Instituto Especializado de Nivel Superior Escuela Militar \u201cCapit\u00e1n General Gerardo Barrios\u201d. Comprometidos con la excelencia acad\u00e9mica y con la formaci\u00f3n profesional e integral de [&hellip;]","og_url":"https:\/\/escuelamilitar.mil.sv\/?page_id=1964","og_site_name":"Escuela Militar Capit\u00e1n General Gerardo Barrios","article_modified_time":"2024-05-30T23:21:22+00:00","og_image":[{"width":2160,"height":1055,"url":"https:\/\/escuelamilitar.mil.sv\/wp-content\/uploads\/2024\/05\/acreditacion2212.jpeg","type":"image\/jpeg"}],"twitter_card":"summary_large_image","twitter_misc":{"Tiempo de lectura":"1 minuto"},"schema":{"@context":"https:\/\/schema.org","@graph":[{"@type":"WebPage","@id":"https:\/\/escuelamilitar.mil.sv\/?page_id=1964","url":"https:\/\/escuelamilitar.mil.sv\/?page_id=1964","name":"ACREDITACION - Escuela Militar Capit\u00e1n General Gerardo Barrios","isPartOf":{"@id":"https:\/\/escuelamilitar.mil.sv\/#website"},"primaryImageOfPage":{"@id":"https:\/\/escuelamilitar.mil.sv\/?page_id=1964#primaryimage"},"image":{"@id":"https:\/\/escuelamilitar.mil.sv\/?page_id=1964#primaryimage"},"thumbnailUrl":"https:\/\/escuelamilitar.mil.sv\/wp-content\/uploads\/2024\/05\/acreditacion2212.jpeg","datePublished":"2024-05-30T23:18:56+00:00","dateModified":"2024-05-30T23:21:22+00:00","breadcrumb":{"@id":"https:\/\/escuelamilitar.mil.sv\/?page_id=1964#breadcrumb"},"inLanguage":"es","potentialAction":[{"@type":"ReadAction","target":["https:\/\/escuelamilitar.mil.sv\/?page_id=1964"]}]},{"@type":"ImageObject","inLanguage":"es","@id":"https:\/\/escuelamilitar.mil.sv\/?page_id=1964#primaryimage","url":"https:\/\/escuelamilitar.mil.sv\/wp-content\/uploads\/2024\/05\/acreditacion2212.jpeg","contentUrl":"https:\/\/escuelamilitar.mil.sv\/wp-content\/uploads\/2024\/05\/acreditacion2212.jpeg","width":2160,"height":1055},{"@type":"BreadcrumbList","@id":"https:\/\/escuelamilitar.mil.sv\/?page_id=1964#breadcrumb","itemListElement":[{"@type":"ListItem","position":1,"name":"Inicio","item":"https:\/\/escuelamilitar.mil.sv\/"},{"@type":"ListItem","position":2,"name":"ACREDITACION"}]},{"@type":"WebSite","@id":"https:\/\/escuelamilitar.mil.sv\/#website","url":"https:\/\/escuelamilitar.mil.sv\/","name":"Escuela Militar Capit\u00e1n General Gerardo Barrios","description":"Escuela Militar","potentialAction":[{"@type":"SearchAction","target":{"@type":"EntryPoint","urlTemplate":"https:\/\/escuelamilitar.mil.sv\/?s={search_term_string}"},"query-input":{"@type":"PropertyValueSpecification","valueRequired":true,"valueName":"search_term_string"}}],"inLanguage":"es"}]}},"_links":{"self":[{"href":"https:\/\/escuelamilitar.mil.sv\/index.php?rest_route=\/wp\/v2\/pages\/1964"}],"collection":[{"href":"https:\/\/escuelamilitar.mil.sv\/index.php?rest_route=\/wp\/v2\/pages"}],"about":[{"href":"https:\/\/escuelamilitar.mil.sv\/index.php?rest_route=\/wp\/v2\/types\/page"}],"author":[{"embeddable":true,"href":"https:\/\/escuelamilitar.mil.sv\/index.php?rest_route=\/wp\/v2\/users\/2"}],"replies":[{"embeddable":true,"href":"https:\/\/escuelamilitar.mil.sv\/index.php?rest_route=%2Fwp%2Fv2%2Fcomments&post=1964"}],"version-history":[{"count":3,"href":"https:\/\/escuelamilitar.mil.sv\/index.php?rest_route=\/wp\/v2\/pages\/1964\/revisions"}],"predecessor-version":[{"id":1970,"href":"https:\/\/escuelamilitar.mil.sv\/index.php?rest_route=\/wp\/v2\/pages\/1964\/revisions\/1970"}],"wp:featuredmedia":[{"embeddable":true,"href":"https:\/\/escuelamilitar.mil.sv\/index.php?rest_route=\/wp\/v2\/media\/1955"}],"wp:attachment":[{"href":"https:\/\/escuelamilitar.mil.sv\/index.php?rest_route=%2Fwp%2Fv2%2Fmedia&parent=1964"}],"curies":[{"name":"wp","href":"https:\/\/api.w.org\/{rel}","templated":true}]}}